(y) = y + 8. Let f(n) = u*g(n) + j(n). What is f(-3)?
2
Let h(w) be the third derivative of w**6/120 - w**5/30 - 41*w**3/3 - 137*w**2. Calculate h(0).
-82
Let x(n) be the first derivative of -6*n**2 + 16*n**2 - 3 + 26*n - 25*n + 63. What is x(1)?
21
Let k(c) = -2*c**2 + 17 - 2 - 21 + c**3 + c. Let n be k(2). Let d(r) = -2*r**2 - 5*r - 1. What is d(n)?
-13
Let y(q) = -1. Let d(h) = -12*h - 18. Let v(p) = d(p) - 5*y(p). Determine v(-4).
35
Let s(a) = -108*a - 332 + 76*a + 31*a - 109*a. Calculate s(-3).
-2
Let x(a) be the third derivative of -a**5/60 - a**4/24 - 7*a**3/3 - 2*a**2 + 63. Let m(d) = -3*d**2 - 3*d - 40. Let t(c) = 6*m(c) - 17*x(c). Calculate t(-3).
-8
Let f(z) = z**3 + 2*z**2 - 54*z - 157. Let w be f(-3). Let u(i) = -i**3 - i**2 - 2*i + 5. Let b(m) = m**2 - m. Let r(k) = -3*b(k) + u(k). Give r(w).
1
Let o = -2173 - -2172. Let i(q) = -3 + 2 - 4 + 6 + 13*q. Calculate i(o).
-12
Let i(r) = -13*r**2 + 3 + r**2 - 2. Let y = 68911 + -68910. Determine i(y).
-11
Suppose 174 = -25*i - 301. Let f(b) = b**3 + 19*b**2 - 9. Calculate f(i).
-9
Let r(x) = 1117*x + x**2 + 1164*x + 0*x**3 - 2273*x + 0*x**2 + 3*x**2 - 5 - x**3. Let u(n) = -n**3 - 2*n**2 - 4*n - 3. Let k be u(-2). Calculate r(k).
10
Let n(z) = 15*z**2 - 1 - 33*z**2 - 4*z**3 - 4*z + 3*z**3 + 16*z**2. Determine n(3).
-58
Let q(j) be the second derivative of j**6/360 - 13*j**5/120 - 7*j**4/12 + 65*j**3/6 + 55*j + 2. Let t(u) be the second derivative of q(u). What is t(14)?
0
Let v(o) = -o**3 + 8*o**2 - 10*o + 21. Let a be v(6). Let s(p) = -29*p - a*p + p**2 - 21*p - 3 + 72*p. Determine s(11).
-3
Let m(c) be the first derivative of c**2 - 32*c - 354. Determine m(17).
2
Let s(a) = -8756 + 8750 + 46*a**3 + 61*a**3 - 108*a**3 - 7*a**2. Let k(g) = g - 2. Let w be k(-5). Give s(w).
-6
Let s(p) be the third derivative of p**6/120 - 7*p**5/30 - p**4/24 - 4*p**3/3 - 3*p**2 + 37*p. What is s(14)?
-22
Let a(o) = 256 - 273 + 15*o + 2484*o**3 - 17*o**2 - 2485*o**3. Calculate a(-18).
37
Suppose 2*l = -z, -11 = -2*l + 5*z + 25. Let q(m) = -m**2 + 8*m - 11. Calculate q(l).
4
Let c(r) = r**3 + 15*r**2 + 8*r - 3. Suppose 12*k = 6*k - 75 - 15. What is c(k)?
-123
Suppose -20*f + 2592 = -4768. Let h = -366 + f. Let a(l) = -l**3 + 3*l**2 - 4*l + 1. Determine a(h).
-3
Let d = -44 - -54. Suppose d*y + 50 = 20*y. Let p(u) = 6*u - 2. Determine p(y).
28
Let i be (-22)/8*((2 - 11) + 5). Let r(a) = a**2 - 6*a + 11. Let m(n) = -n. Let s(b) = 5*m(b) + r(b). Give s(i).
11
Let z be (3485/(-1394))/((-5)/(-4)). Let y(k) be the second derivative of -k**5/20 + k**4/6 + k**3/2 + k**2 + k. What is y(z)?
12
Let a = -38 + 43. Suppose 0 = -v - a*n, 4*n = -13*v + 14*v + 9. Let p(l) = 7 + 0*l - 6*l + 0 - l**2. What is p(v)?
12
Let o(t) be the first derivative of -61*t**3/3 + 1853. Give o(1).
-61
Let a(f) = 3*f**2 - 4*f + 7. Let s(w) = 88*w + 1674. Let r be s(-19). Calculate a(r).
11
Let k(n) = -4 + 4*n + 0*n - n. Let y be k(3). Let a(w) be the third derivative of -w**4/12 + w**2 + 55*w. Calculate a(y).
-10
Let d(h) = 657 + 4*h - 332 + 0*h + h**3 - 329 + 5*h**2. Give d(-3).
2
Let c(g) = 184*g - 155. Let u(w) = -65*w + 53. Let l(k) = 6*c(k) + 17*u(k). Calculate l(-25).
-4
Let m(k) be the first derivative of k**4/4 - 11*k**3/3 + 5*k**2/2 + 6*k - 3143. Calculate m(11).
61
Let y(h) be the second derivative of 17*h**4/12 - h**3/6 + 26*h. Suppose -p + 8*p - 21 = 0. Suppose -5*u - 10 = p*b, -4*u = -0*u - 4*b - 24. What is y(u)?
16
Let y(u) = -u - 1. Suppose 0 = -4*b - x - 5407, -2*x - 2803 = 2*b - 101. Let f be 1/(-3) - b/24. Suppose h - f = 15*h. Calculate y(h).
3
Let a = -56 - -65. Let z(x) = x**3 - 7*x**2 - 13*x + 4. Determine z(a).
49
Let y be -1 + 0 + 6 + 0. Let g = 115 - 109. Let p(x) = -17*x + 27. Let h(s) = 8*s - 13. Let c(u) = g*p(u) + 13*h(u). Give c(y).
3
Let t(d) = -616*d + 15 - 6 + 617*d. Let g be 1476/205 - (-12)/(-10). Determine t(g).
15
Let u be (12 + -6)/(2/2). Let k(a) = -2*a - 7. Let g(p) = 5*p + 14. Let z(w) = -3*g(w) - 7*k(w). Determine z(u).
1
Let v(g) = g**3 - 6*g**2 + 5*g - 6. Let y be v(5). Let l be ((-26)/39)/((-2)/y). Let b(r) be the third derivative of -r**4/8 + 192*r**2. Determine b(l).
6
Let r(x) = -388*x + 1547*x - 381*x + 3 - 365*x - 388*x. Give r(1).
28
Let v = -24 - -45. Let t = 6 - v. Let f(b) = b**2 + 16*b + 10. Let m be f(t). Let s(q) = q**3 + 4*q**2 - 2*q + 2. Give s(m).
-13
Let x(p) be the third derivative of p**6/120 + 2*p**5/15 + 7*p**4/24 - 7*p**3/6 + 28*p**2 - 4. Determine x(-7).
-7
Let f(m) be the third derivative of 7*m**4/8 + 823*m**2. Determine f(1).
21
Suppose 0 + 3 = -3*t. Let d(b) = 22*b**2 - 35*b - 1. Let w(c) = 20*c**2 - 30*c - 1. Let r(l) = -6*d(l) + 7*w(l). What is r(t)?
7
Let k(n) = 11*n**2 + 11*n + 4. Let d(h) = 45*h**2 + 42*h + 19. Let f(y) = -2*d(y) + 9*k(y). Determine f(-2).
4
Let t(u) be the first derivative of -3/2*u**2 + 9*u - 3. Let z(q) = 2*q**2 - 70*q - 582. Let b be z(-7). Give t(b).
-9
Let a(y) be the second derivative of -y**4/6 - 13*y**3/6 - 27*y**2/2 + 3632*y. Give a(-3).
-6
Let j be (64/256)/((0 - 1)/(-4)). Let n(o) = -2*o**2 + 2*o. Let r(p) = 7*p**2 - 16*p - 9. Let y(t) = j*r(t) + 4*n(t). What is y(-7)?
-2
Let a = -938 + 941. Let s(u) = -5*u - 28 + 2*u + 0*u + 10. Let o(q) = -1. Let w(n) = 18*o(n) - s(n). What is w(a)?
9
Let q(s) be the third derivative of -s**5/60 + s**4/8 + s**3/2 - 143*s**2. Calculate q(3).
3
Let d = -53 + 59. Let f(j) = 2*j**3 + 25*j**2 - 17*j - 7. Let n(h) = -h**3 - 9*h**2 + 8*h + 3. Let i(a) = 2*f(a) + 5*n(a). Calculate i(d).
1
Let o(w) = -31 - 34 + 60 + 13*w**2 - 6*w**2 - 4*w**3. Let c(r) = r**3 - r**2. Let b(j) = 3*c(j) + o(j). Give b(5).
-30
Let c = 10 - 7. Let w(s) = -2*s**2 - s - 1. Let u(j) = 7*j**2 + 2*j + 6. Let m(l) = -u(l) - 4*w(l). Give m(c).
13
Let d(m) = -3*m**3 + 3*m**2 - 22*m + 6. Let u(q) = q**3 - q**2 + 8*q - 2. Let r be (0 + 24/10)/(6/20). Let b(z) = r*u(z) + 3*d(z). Determine b(0).
2
Let s(l) = -l + 2. Let c(m) = 1. Let p(z) = -6*c(z) + s(z). Let h be ((-9)/(-18))/(2/8). Let a be h/3 - 3/(54/102). Give p(a).
1
Let m(t) = t**3 - 14*t**2 + 12*t + 14. Let u be m(13). Let s(k) = -9*k**2 + k - 2. Give s(u).
-10
Let y = 3981 + -3981. Let i(k) = k**2 - 3*k - 7. Calculate i(y).
-7
Let s(j) be the second derivative of -j**3/3 - 69*j**2/2 - 102*j. Let v be s(-33). Let w(f) = 14*f + 1. Determine w(v).
-41
Let z = 11 + -6. Let g(q) = -61*q - 286. Let o(b) = -4*b - 19. Let p(h) = -2*g(h) + 30*o(h). Determine p(z).
12
Let w(f) = 2*f**3 + 5*f**2 + 7*f + 5. Suppose -5769*b = -5755*b + 28. What is w(b)?
-5
Let a(m) be the second derivative of m**3/6 - 3*m**2/2 + 14*m. Let t be (-2)/((-10)/47) - 4/10. Suppose 0 = 9*o + t + 18. What is a(o)?
-6
Let u(r) = 2*r - 1. Let i be 0 - 0 - (-20 - 4). Suppose -96 = 6*s - i. Calculate u(s).
-25
Let q be 20/(-12)*(-936)/(-520). Let y(z) = 4*z**3 + 2*z**2 + 10. Give y(q).
-80
Let c(w) = 48*w**3 - 26*w**3 - 2*w**2 - 86*w + 85*w. Give c(-1).
-23
Let p(l) = l**3 + 21*l**2 - 22*l + 31. Suppose 3*y = 2*o + 9 + 20, 5*o - 3*y + 95 = 0. Calculate p(o).
31
Let i be 10/55 - (4 + (-375)/55). Suppose -1 = -11*s + 12*s, i*v + 2*s = 28. Let n(z) = z - 16. Calculate n(v).
-6
Let l = -44 - -30. Let d be (-135)/(-18) - 8 - l/4. Let k(p) = -2*p**3 + 4*p**2 - 2*p + 4. What is k(d)?
-20
Let w(a) be the third derivative of a**4/24 - a**3/3 - 15*a**2 - 5. Suppose -2*l + 2*m + 42 = -m, 5*m = -10. Let s = -12 + l. What is w(s)?
4
Let k(r) = r - 1. Let x(t) = -t. Let b(o) = -2*k(o) - x(o). Let c = 88 - 367. Let m = -284 - c. Determine b(m).
7
Let f(z) = z**2 + 7*z - z + 5 - 2*z + 7*z. Suppose -5*s = 5*w + 40, -7*w = -5*w + 2. Determine f(s).
-23
Let b(k) = -7*k + 3. Suppose 27 = l + 4*l - 2*d, -2*l = 5*d - 34. Determine b(l).
-46
Let y(g) = 3*g + 1. Suppose -w = -2*q + 10, -3*w + 4*w = -q - 1. Suppose 2*a = q*a + 1. Let u be y(a). Let h(b) = -3*b**2 - 4*b - 2. What is h(u)?
-6
Let c be (8 - 117/15) + (-48)/(-10). Let a(j) = j - 1. Let n(h) = 4*h - 11. Let u(b) = -6*a(b) + n(b). What is u(c)?
-15
Let f(d) = -133*d - 108*d + 13 + 252*d. What is f(6)?
79
Let c(r) = -2*r + r + 3*r. Let t(o) = 2*o**3 - 7*o**2 - 12. Let m be t(4). Suppose -m*h = 4*y - h + 11, 2 = -2*h. Calculate c(y).
-4
Let v(l) = 3*l - 5. Let d be (-15 + 5)/(-90) - (-375)/27. What is v(d)?
37
Let i(m) be the first derivative of -m**3/3 + m**2/2 - 396. Let y(q) = -8*q